{"id":119,"date":"2025-02-13T14:41:22","date_gmt":"2025-02-13T20:41:22","guid":{"rendered":"http:\/\/incom03.com\/waners\/producto\/montacarga-de-combustion-46t\/"},"modified":"2025-02-14T14:26:42","modified_gmt":"2025-02-14T20:26:42","slug":"montacarga-de-combustion-46t","status":"publish","type":"product","link":"https:\/\/waners.mx\/en\/product\/montacarga-de-combustion-46t\/","title":{"rendered":"COMBUSTION FORKLIFT 46T"},"content":{"rendered":"<div class=\"wpb-content-wrapper\"><div class=\"vc_row wpb_row vc_row-fluid\"><div class=\"wpb_column vc_column_container vc_col-sm-12\"><div class=\"vc_column-inner\"><div class=\"wpb_wrapper\">\n\t\t<ul class=\"wd-rs-67ae612d25ace wd-list wd-wpb color-scheme- wd-fontsize-xs wd-list-type-icon wd-list-style-default wd-justify-left\" id=\"wd-67ae612d25ace\">\n\t\t\t\t\t\t\t\t\t\t\t<li>\n\t\t\t\t\t<span class=\"list-icon wd-icon far fa-file-pdf\"><\/span>\n\t\t\t\t\t<span class=\"list-content\">FICHA T\u00c9CNICA<\/span>\n\t\t\t\t\t\t\t\t\t\t\t<a class=\"wd-fill\" href=\"http:\/\/incom03.com\/waners\/wp-content\/uploads\/2025\/02\/XCF4612K-\u5e73\u8861\u91cd\u5f0f\u53c9\u8f66\u6280\u672f\u89c4\u683c\u4e66.pdf\" title=\"\" target=\"_blank\" aria-label=\"List link\"><\/a>\n\t\t\t\t\t\t\t\t\t<\/li>\n\t\t\t\t\t\t\t\t\t\t\t<li>\n\t\t\t\t\t<span class=\"list-icon wd-icon far fa-file-pdf\"><\/span>\n\t\t\t\t\t<span class=\"list-content\">FICHA T\u00c9CNICA<\/span>\n\t\t\t\t\t\t\t\t\t\t\t<a class=\"wd-fill\" href=\"http:\/\/incom03.com\/waners\/wp-content\/uploads\/2025\/02\/FICHA-TECNICA-13.jpg\" title=\"\" target=\"_blank\" aria-label=\"List link\"><\/a>\n\t\t\t\t\t\t\t\t\t<\/li>\n\t\t\t\t\t<\/ul>\n\t\t<\/div><\/div><\/div><\/div>\n<\/div>","protected":false},"excerpt":{"rendered":"FICHA T\u00c9CNICA FICHA T\u00c9CNICA","protected":false},"featured_media":185,"comment_status":"closed","ping_status":"closed","template":"","meta":[],"product_brand":[19],"product_cat":[17,21,20],"product_tag":[],"class_list":{"0":"post-119","1":"product","2":"type-product","3":"status-publish","4":"has-post-thumbnail","6":"product_brand-xcmg","7":"product_cat-montacargas-de-combustion","8":"product_cat-renta","9":"product_cat-venta","11":"first","12":"instock","13":"shipping-taxable","14":"purchasable","15":"product-type-simple"},"yoast_head":"<!-- This site is optimized with the Yoast SEO plugin v27.5 - https:\/\/yoast.com\/product\/yoast-seo-wordpress\/ -->\n<title>MONTACARGA DE COMBUSTION 46T - Waners MX<\/title>\n<meta name=\"robots\" content=\"index, follow, max-snippet:-1, max-image-preview:large, max-video-preview:-1\" \/>\n<link rel=\"canonical\" href=\"https:\/\/waners.mx\/en\/product\/montacarga-de-combustion-46t\/\" \/>\n<meta property=\"og:locale\" content=\"en_US\" \/>\n<meta property=\"og:type\" content=\"article\" \/>\n<meta property=\"og:title\" content=\"MONTACARGA DE COMBUSTION 46T - Waners MX\" \/>\n<meta property=\"og:url\" content=\"https:\/\/waners.mx\/en\/product\/montacarga-de-combustion-46t\/\" \/>\n<meta property=\"og:site_name\" content=\"Waners MX\" \/>\n<meta property=\"article:modified_time\" content=\"2025-02-14T20:26:42+00:00\" \/>\n<meta property=\"og:image\" content=\"https:\/\/waners.mx\/wp-content\/uploads\/2025\/02\/XCF4612K-46T.jpg\" \/>\n\t<meta property=\"og:image:width\" content=\"760\" \/>\n\t<meta property=\"og:image:height\" content=\"942\" \/>\n\t<meta property=\"og:image:type\" content=\"image\/jpeg\" \/>\n<meta name=\"twitter:card\" content=\"summary_large_image\" \/>\n<meta name=\"twitter:label1\" content=\"Est. reading time\" \/>\n\t<meta name=\"twitter:data1\" content=\"1 minute\" \/>\n<script type=\"application\/ld+json\" class=\"yoast-schema-graph\">{\"@context\":\"https:\\\/\\\/schema.org\",\"@graph\":[{\"@type\":\"WebPage\",\"@id\":\"https:\\\/\\\/waners.mx\\\/producto\\\/montacarga-de-combustion-46t\\\/\",\"url\":\"https:\\\/\\\/waners.mx\\\/producto\\\/montacarga-de-combustion-46t\\\/\",\"name\":\"MONTACARGA DE COMBUSTION 46T - Waners MX\",\"isPartOf\":{\"@id\":\"https:\\\/\\\/waners.mx\\\/#website\"},\"primaryImageOfPage\":{\"@id\":\"https:\\\/\\\/waners.mx\\\/producto\\\/montacarga-de-combustion-46t\\\/#primaryimage\"},\"image\":{\"@id\":\"https:\\\/\\\/waners.mx\\\/producto\\\/montacarga-de-combustion-46t\\\/#primaryimage\"},\"thumbnailUrl\":\"https:\\\/\\\/waners.mx\\\/wp-content\\\/uploads\\\/2025\\\/02\\\/XCF4612K-46T.jpg\",\"datePublished\":\"2025-02-13T20:41:22+00:00\",\"dateModified\":\"2025-02-14T20:26:42+00:00\",\"breadcrumb\":{\"@id\":\"https:\\\/\\\/waners.mx\\\/producto\\\/montacarga-de-combustion-46t\\\/#breadcrumb\"},\"inLanguage\":\"en-US\",\"potentialAction\":[{\"@type\":\"ReadAction\",\"target\":[\"https:\\\/\\\/waners.mx\\\/producto\\\/montacarga-de-combustion-46t\\\/\"]}]},{\"@type\":\"ImageObject\",\"inLanguage\":\"en-US\",\"@id\":\"https:\\\/\\\/waners.mx\\\/producto\\\/montacarga-de-combustion-46t\\\/#primaryimage\",\"url\":\"https:\\\/\\\/waners.mx\\\/wp-content\\\/uploads\\\/2025\\\/02\\\/XCF4612K-46T.jpg\",\"contentUrl\":\"https:\\\/\\\/waners.mx\\\/wp-content\\\/uploads\\\/2025\\\/02\\\/XCF4612K-46T.jpg\",\"width\":760,\"height\":942},{\"@type\":\"BreadcrumbList\",\"@id\":\"https:\\\/\\\/waners.mx\\\/producto\\\/montacarga-de-combustion-46t\\\/#breadcrumb\",\"itemListElement\":[{\"@type\":\"ListItem\",\"position\":1,\"name\":\"Portada\",\"item\":\"https:\\\/\\\/waners.mx\\\/\"},{\"@type\":\"ListItem\",\"position\":2,\"name\":\"Cat\u00e1logo\",\"item\":\"https:\\\/\\\/waners.mx\\\/tienda\\\/\"},{\"@type\":\"ListItem\",\"position\":3,\"name\":\"MONTACARGA DE COMBUSTION 46T\"}]},{\"@type\":\"WebSite\",\"@id\":\"https:\\\/\\\/waners.mx\\\/#website\",\"url\":\"https:\\\/\\\/waners.mx\\\/\",\"name\":\"Waners MX\",\"description\":\"Venta y Renta de equipos de construcci\u00f3n nuevos y usados, as\u00ed como en el suministro de repuestos para estas m\u00e1quinas.\",\"publisher\":{\"@id\":\"https:\\\/\\\/waners.mx\\\/#organization\"},\"potentialAction\":[{\"@type\":\"SearchAction\",\"target\":{\"@type\":\"EntryPoint\",\"urlTemplate\":\"https:\\\/\\\/waners.mx\\\/?s={search_term_string}\"},\"query-input\":{\"@type\":\"PropertyValueSpecification\",\"valueRequired\":true,\"valueName\":\"search_term_string\"}}],\"inLanguage\":\"en-US\"},{\"@type\":\"Organization\",\"@id\":\"https:\\\/\\\/waners.mx\\\/#organization\",\"name\":\"Waners MX\",\"url\":\"https:\\\/\\\/waners.mx\\\/\",\"logo\":{\"@type\":\"ImageObject\",\"inLanguage\":\"en-US\",\"@id\":\"https:\\\/\\\/waners.mx\\\/#\\\/schema\\\/logo\\\/image\\\/\",\"url\":\"https:\\\/\\\/waners.mx\\\/wp-content\\\/uploads\\\/2025\\\/03\\\/WANER-NEGRO1.png\",\"contentUrl\":\"https:\\\/\\\/waners.mx\\\/wp-content\\\/uploads\\\/2025\\\/03\\\/WANER-NEGRO1.png\",\"width\":1390,\"height\":200,\"caption\":\"Waners MX\"},\"image\":{\"@id\":\"https:\\\/\\\/waners.mx\\\/#\\\/schema\\\/logo\\\/image\\\/\"}}]}<\/script>\n<!-- \/ Yoast SEO plugin. -->","yoast_head_json":{"title":"MONTACARGA DE COMBUSTION 46T - Waners MX","robots":{"index":"index","follow":"follow","max-snippet":"max-snippet:-1","max-image-preview":"max-image-preview:large","max-video-preview":"max-video-preview:-1"},"canonical":"https:\/\/waners.mx\/en\/product\/montacarga-de-combustion-46t\/","og_locale":"en_US","og_type":"article","og_title":"MONTACARGA DE COMBUSTION 46T - Waners MX","og_url":"https:\/\/waners.mx\/en\/product\/montacarga-de-combustion-46t\/","og_site_name":"Waners MX","article_modified_time":"2025-02-14T20:26:42+00:00","og_image":[{"width":760,"height":942,"url":"https:\/\/waners.mx\/wp-content\/uploads\/2025\/02\/XCF4612K-46T.jpg","type":"image\/jpeg"}],"twitter_card":"summary_large_image","twitter_misc":{"Est. reading time":"1 minute"},"schema":{"@context":"https:\/\/schema.org","@graph":[{"@type":"WebPage","@id":"https:\/\/waners.mx\/producto\/montacarga-de-combustion-46t\/","url":"https:\/\/waners.mx\/producto\/montacarga-de-combustion-46t\/","name":"MONTACARGA DE COMBUSTION 46T - Waners MX","isPartOf":{"@id":"https:\/\/waners.mx\/#website"},"primaryImageOfPage":{"@id":"https:\/\/waners.mx\/producto\/montacarga-de-combustion-46t\/#primaryimage"},"image":{"@id":"https:\/\/waners.mx\/producto\/montacarga-de-combustion-46t\/#primaryimage"},"thumbnailUrl":"https:\/\/waners.mx\/wp-content\/uploads\/2025\/02\/XCF4612K-46T.jpg","datePublished":"2025-02-13T20:41:22+00:00","dateModified":"2025-02-14T20:26:42+00:00","breadcrumb":{"@id":"https:\/\/waners.mx\/producto\/montacarga-de-combustion-46t\/#breadcrumb"},"inLanguage":"en-US","potentialAction":[{"@type":"ReadAction","target":["https:\/\/waners.mx\/producto\/montacarga-de-combustion-46t\/"]}]},{"@type":"ImageObject","inLanguage":"en-US","@id":"https:\/\/waners.mx\/producto\/montacarga-de-combustion-46t\/#primaryimage","url":"https:\/\/waners.mx\/wp-content\/uploads\/2025\/02\/XCF4612K-46T.jpg","contentUrl":"https:\/\/waners.mx\/wp-content\/uploads\/2025\/02\/XCF4612K-46T.jpg","width":760,"height":942},{"@type":"BreadcrumbList","@id":"https:\/\/waners.mx\/producto\/montacarga-de-combustion-46t\/#breadcrumb","itemListElement":[{"@type":"ListItem","position":1,"name":"Portada","item":"https:\/\/waners.mx\/"},{"@type":"ListItem","position":2,"name":"Cat\u00e1logo","item":"https:\/\/waners.mx\/tienda\/"},{"@type":"ListItem","position":3,"name":"MONTACARGA DE COMBUSTION 46T"}]},{"@type":"WebSite","@id":"https:\/\/waners.mx\/#website","url":"https:\/\/waners.mx\/","name":"Waners MX","description":"Venta y Renta de equipos de construcci\u00f3n nuevos y usados, as\u00ed como en el suministro de repuestos para estas m\u00e1quinas.","publisher":{"@id":"https:\/\/waners.mx\/#organization"},"potentialAction":[{"@type":"SearchAction","target":{"@type":"EntryPoint","urlTemplate":"https:\/\/waners.mx\/?s={search_term_string}"},"query-input":{"@type":"PropertyValueSpecification","valueRequired":true,"valueName":"search_term_string"}}],"inLanguage":"en-US"},{"@type":"Organization","@id":"https:\/\/waners.mx\/#organization","name":"Waners MX","url":"https:\/\/waners.mx\/","logo":{"@type":"ImageObject","inLanguage":"en-US","@id":"https:\/\/waners.mx\/#\/schema\/logo\/image\/","url":"https:\/\/waners.mx\/wp-content\/uploads\/2025\/03\/WANER-NEGRO1.png","contentUrl":"https:\/\/waners.mx\/wp-content\/uploads\/2025\/03\/WANER-NEGRO1.png","width":1390,"height":200,"caption":"Waners MX"},"image":{"@id":"https:\/\/waners.mx\/#\/schema\/logo\/image\/"}}]}},"_links":{"self":[{"href":"https:\/\/waners.mx\/en\/wp-json\/wp\/v2\/product\/119","targetHints":{"allow":["GET"]}}],"collection":[{"href":"https:\/\/waners.mx\/en\/wp-json\/wp\/v2\/product"}],"about":[{"href":"https:\/\/waners.mx\/en\/wp-json\/wp\/v2\/types\/product"}],"replies":[{"embeddable":true,"href":"https:\/\/waners.mx\/en\/wp-json\/wp\/v2\/comments?post=119"}],"wp:featuredmedia":[{"embeddable":true,"href":"https:\/\/waners.mx\/en\/wp-json\/wp\/v2\/media\/185"}],"wp:attachment":[{"href":"https:\/\/waners.mx\/en\/wp-json\/wp\/v2\/media?parent=119"}],"wp:term":[{"taxonomy":"product_brand","embeddable":true,"href":"https:\/\/waners.mx\/en\/wp-json\/wp\/v2\/product_brand?post=119"},{"taxonomy":"product_cat","embeddable":true,"href":"https:\/\/waners.mx\/en\/wp-json\/wp\/v2\/product_cat?post=119"},{"taxonomy":"product_tag","embeddable":true,"href":"https:\/\/waners.mx\/en\/wp-json\/wp\/v2\/product_tag?post=119"}],"curies":[{"name":"wp","href":"https:\/\/api.w.org\/{rel}","templated":true}]}}

<div class="wpb-content-wrapper"><div class="vc_row wpb_row vc_row-fluid"><div class="wpb_column vc_column_container vc_col-sm-12"><div class="vc_column-inner"><div class="wpb_wrapper">
		<ul class="wd-rs-67ae612d25ace wd-list wd-wpb color-scheme- wd-fontsize-xs wd-list-type-icon wd-list-style-default wd-justify-left" id="wd-67ae612d25ace">
											<li>
					<span class="list-icon wd-icon far fa-file-pdf"></span>
					<span class="list-content">FICHA TÉCNICA</span>
											<a class="wd-fill" href="http://incom03.com/waners/wp-content/uploads/2025/02/XCF4612K-平衡重式叉车技术规格书.pdf" title="" target="_blank" aria-label="List link"></a>
									</li>
											<li>
					<span class="list-icon wd-icon far fa-file-pdf"></span>
					<span class="list-content">FICHA TÉCNICA</span>
											<a class="wd-fill" href="http://incom03.com/waners/wp-content/uploads/2025/02/FICHA-TECNICA-13.jpg" title="" target="_blank" aria-label="List link"></a>
									</li>
					</ul>
		</div></div></div></div>
</div>

FICHA TÉCNICA FICHA TÉCNICA

<!-- This site is optimized with the Yoast SEO plugin v27.5 - https://yoast.com/product/yoast-seo-wordpress/ -->
<title>MONTACARGA DE COMBUSTION 46T - Waners MX</title>
<meta name="robots" content="index, follow, max-snippet:-1, max-image-preview:large, max-video-preview:-1" />
<link rel="canonical" href="https://waners.mx/en/product/montacarga-de-combustion-46t/" />
<meta property="og:locale" content="en_US" />
<meta property="og:type" content="article" />
<meta property="og:title" content="MONTACARGA DE COMBUSTION 46T - Waners MX" />
<meta property="og:url" content="https://waners.mx/en/product/montacarga-de-combustion-46t/" />
<meta property="og:site_name" content="Waners MX" />
<meta property="article:modified_time" content="2025-02-14T20:26:42+00:00" />
<meta property="og:image" content="https://waners.mx/wp-content/uploads/2025/02/XCF4612K-46T.jpg" />
	<meta property="og:image:width" content="760" />
	<meta property="og:image:height" content="942" />
	<meta property="og:image:type" content="image/jpeg" />
<meta name="twitter:card" content="summary_large_image" />
<meta name="twitter:label1" content="Est. reading time" />
	<meta name="twitter:data1" content="1 minute" />
<script type="application/ld+json" class="yoast-schema-graph">{"@context":"https:\/\/schema.org","@graph":[{"@type":"WebPage","@id":"https:\/\/waners.mx\/producto\/montacarga-de-combustion-46t\/","url":"https:\/\/waners.mx\/producto\/montacarga-de-combustion-46t\/","name":"MONTACARGA DE COMBUSTION 46T - Waners MX","isPartOf":{"@id":"https:\/\/waners.mx\/#website"},"primaryImageOfPage":{"@id":"https:\/\/waners.mx\/producto\/montacarga-de-combustion-46t\/#primaryimage"},"image":{"@id":"https:\/\/waners.mx\/producto\/montacarga-de-combustion-46t\/#primaryimage"},"thumbnailUrl":"https:\/\/waners.mx\/wp-content\/uploads\/2025\/02\/XCF4612K-46T.jpg","datePublished":"2025-02-13T20:41:22+00:00","dateModified":"2025-02-14T20:26:42+00:00","breadcrumb":{"@id":"https:\/\/waners.mx\/producto\/montacarga-de-combustion-46t\/#breadcrumb"},"inLanguage":"en-US","potentialAction":[{"@type":"ReadAction","target":["https:\/\/waners.mx\/producto\/montacarga-de-combustion-46t\/"]}]},{"@type":"ImageObject","inLanguage":"en-US","@id":"https:\/\/waners.mx\/producto\/montacarga-de-combustion-46t\/#primaryimage","url":"https:\/\/waners.mx\/wp-content\/uploads\/2025\/02\/XCF4612K-46T.jpg","contentUrl":"https:\/\/waners.mx\/wp-content\/uploads\/2025\/02\/XCF4612K-46T.jpg","width":760,"height":942},{"@type":"BreadcrumbList","@id":"https:\/\/waners.mx\/producto\/montacarga-de-combustion-46t\/#breadcrumb","itemListElement":[{"@type":"ListItem","position":1,"name":"Portada","item":"https:\/\/waners.mx\/"},{"@type":"ListItem","position":2,"name":"Catálogo","item":"https:\/\/waners.mx\/tienda\/"},{"@type":"ListItem","position":3,"name":"MONTACARGA DE COMBUSTION 46T"}]},{"@type":"WebSite","@id":"https:\/\/waners.mx\/#website","url":"https:\/\/waners.mx\/","name":"Waners MX","description":"Venta y Renta de equipos de construcción nuevos y usados, así como en el suministro de repuestos para estas máquinas.","publisher":{"@id":"https:\/\/waners.mx\/#organization"},"potentialAction":[{"@type":"SearchAction","target":{"@type":"EntryPoint","urlTemplate":"https:\/\/waners.mx\/?s={search_term_string}"},"query-input":{"@type":"PropertyValueSpecification","valueRequired":true,"valueName":"search_term_string"}}],"inLanguage":"en-US"},{"@type":"Organization","@id":"https:\/\/waners.mx\/#organization","name":"Waners MX","url":"https:\/\/waners.mx\/","logo":{"@type":"ImageObject","inLanguage":"en-US","@id":"https:\/\/waners.mx\/#\/schema\/logo\/image\/","url":"https:\/\/waners.mx\/wp-content\/uploads\/2025\/03\/WANER-NEGRO1.png","contentUrl":"https:\/\/waners.mx\/wp-content\/uploads\/2025\/03\/WANER-NEGRO1.png","width":1390,"height":200,"caption":"Waners MX"},"image":{"@id":"https:\/\/waners.mx\/#\/schema\/logo\/image\/"}}]}</script>
<!-- / Yoast SEO plugin. -->

Catálogo

Venta y Renta de equipos de construcción nuevos y usados, así como en el suministro de repuestos para estas máquinas.
